Is 29497 a composite number?
True
Is 369407 a prime number?
True
Is 115631 a composite number?
False
Is 42953 a prime number?
True
Is 23951 a prime number?
False
Is 3953 a prime number?
False
Is 4601 prime?
False
Is 446 a composite number?
True
Is 169817 prime?
True
Is 124051 a composite number?
True
Is 26305 composite?
True
Is 1069 a composite number?
False
Is 2929 composite?
True
Is 8545 composite?
True
Is 1915 prime?
False
Is 10289 prime?
True
Is 846323 a composite number?
False
Is 8483 a prime number?
False
Is 2749 a prime number?
True
Is 20153 composite?
True
Is 219617 a composite number?
True
Is 21311 prime?
False
Is 68371 a prime number?
True
Is 2719 composite?
False
Is 137563 prime?
False
Is 27923 composite?
True
Is 607703 composite?
False
Is 21053 prime?
False
Is 6667 prime?
False
Is 104987 a prime number?
True
Is 797273 composite?
False
Is 1361 a prime number?
True
Is 70529 composite?
False
Is 301669 composite?
False
Is 3377 a composite number?
True
Is 14569 composite?
True
Is 41918 a composite number?
True
Is 34123 a composite number?
False
Is 2110285 a prime number?
False
Is 94879 a prime number?
False
Is 276701 prime?
False
Is 17203 composite?
False
Is 6658 composite?
True
Is 85513 a composite number?
False
Is 175317 a composite number?
True
Is 1795 prime?
False
Is 22409 a composite number?
False
Is 100781 composite?
True
Is 6113 a composite number?
False
Is 9199 a composite number?
False
Is 20021 a composite number?
False
Is 593933 composite?
False
Is 9029 a prime number?
True
Is 108343 prime?
True
Is 8893 composite?
False
Is 351149 a prime number?
False
Is 12601 prime?
True
Is 37013 composite?
False
Is 15371 a composite number?
True
Is 161221 a prime number?
True
Is 13579 prime?
False
Is 4691 a composite number?
False
Is 647261 a prime number?
True
Is 19582 a prime number?
False
Is 8977 a prime number?
False
Is 148949 a composite number?
False
Is 5718379 a prime number?
True
Is 13259 prime?
True
Is 708501 composite?
True
Is 286826 prime?
False
Is 8191 a composite number?
False
Is 323 a prime number?
False
Is 15619 composite?
False
Is 215653 prime?
True
Is 3647 composite?
True
Is 347443 composite?
False
Is 2342 prime?
False
Is 50299 composite?
True
Is 7273 a prime number?
False
Is 13919 a prime number?
False
Is 5323 composite?
False
Is 16597 prime?
False
Is 2161 prime?
True
Is 67829 a composite number?
False
Is 159899 composite?
False
Is 724865 prime?
False
Is 90971 a prime number?
True
Is 37667 composite?
True
Is 14137 a composite number?
True
Is 42263 prime?
False
Is 2371 prime?
True
Is 1934 composite?
True
Is 401029 a prime number?
True
Is 15173 a prime number?
True
Is 3989 a prime number?
True
Is 548543 prime?
True
Is 23755 a composite number?
True
Is 65153 composite?
True
Is 6089 prime?
True
Is 82847 composite?
False
Is 31441 a composite number?
True
Is 152257 a prime number?
False
Is 1939463 composite?
True
Is 907 prime?
True
Is 276617 composite?
True
Is 1370995 a composite number?
True
Is 5269 composite?
True
Is 377149 a composite number?
True
Is 21477 prime?
False
Is 110945 composite?
True
Is 8252797 prime?
False
Is 1031981 a prime number?
True
Is 2270111 prime?
True
Is 1212583 composite?
True
Is 3563 a prime number?
False
Is 11027 prime?
True
Is 53213 composite?
True
Is 104011 a composite number?
True
Is 17729 composite?
False
Is 126839 composite?
False
Is 4162 composite?
True
Is 813343 a prime number?
True
Is 240079 a composite number?
True
Is 7663 prime?
False
Is 124069 a composite number?
True
Is 163 prime?
True
Is 198169 prime?
False
Is 169 composite?
True
Is 477853 prime?
False
Is 242863 a composite number?
False
Is 287821 a prime number?
True
Is 8259 a composite number?
True
Is 22679 a composite number?
False
Is 174863 a composite number?
True
Is 289502 composite?
True
Is 1438007 a prime number?
False
Is 1043111 composite?
False
Is 139354 prime?
False
Is 116329 a composite number?
False
Is 31693 composite?
True
Is 3979 composite?
True
Is 93089 prime?
True
Is 200257 a composite number?
False
Is 502465 composite?
True
Is 268909 a prime number?
True
Is 29501 composite?
False
Is 160707 prime?
False
Is 84449 a prime number?
True
Is 641443 prime?
False
Is 2161 prime?
True
Is 667907 a composite number?
True
Is 363493 a prime number?
False
Is 5323 composite?
False
Is 19949 prime?
True
Is 1091963 composite?
True
Is 5006 composite?
True
Is 5713 a composite number?
True
Is 461233 a prime number?
True
Is 85469 composite?
False
Is 893267 prime?
False
Is 331691 composite?
False
Is 149953 prime?
True
Is 38746 a composite number?
True
Is 1013891 a prime number?
True
Is 46219 a prime number?
True
Is 4201 prime?
True
Is 96137 a composite number?
False
Is 48293 a prime number?
False
Is 155786 composite?
True
Is 576089 prime?
True
Is 62635 composite?
True
Is 7031 a composite number?
True
Is 1002101 composite?
False
Is 29983 composite?
False
Is 6521 prime?
True
Is 886307 a prime number?
True
Is 1793 composite?
True
Is 40099 composite?
False
Is 52357 prime?
False
Is 1866723 a composite number?
True
Is 19291 prime?
False
Is 109955 a composite number?
True
Is 75079 composite?
False
Is 538647 a composite number?
True
Is 56519 prime?
True
Is 7613 prime?
False
Is 1739105 a composite number?
True
Is 63901 a prime number?
True
Is 5809 a prime number?
False
Is 30971 a composite number?
False
Is 14617 a prime number?
False
Is 72281 a composite number?
True
Is 677 prime?
True
Is 1099171 a composite number?
False
Is 1651 a prime number?
False
Is 16841 a composite number?
True
Is 5471 a composite number?
False
Is 48973 prime?
True
Is 924583 a composite number?
True
Is 11591 a composite number?
True
Is 338717 prime?
True
Is 1008649 a prime number?
False
Is 4561 a prime number?
True
Is 47597 a prime number?
False
Is 293983 composite?
False
Is 440563 a prime number?
False
Is 5303 a composite number?
False
Is 6711 a prime number?
False
Is 9599 prime?
False
Is 48293 a composite number?
True
Is 9371 a composite number?
False
Is 17285 a prime number?
False
Is 376918 composite?
True
Is 22009 composite?
True
Is 60719 a prime number?
True
Is 20021 a prime number?
True
Is 6323 composite?
False
Is 107923 composite?
False
Is 389 composite?
False
Is 28699 prime?
False
Is 17603 a prime number?
False
Is 354829 composite?
False
Is 42707 composite?
True
Is 12743 a composite number?
False
Is 109751 prime?
True
Is 6673 a prime number?
True
Is 575819 a composite number?
True
Is 150487 a composite number?
True
Is 480223 a prime number?
False
Is 6521 composite?
False
Is 1546774 composite?
True
Is 3973 a composite number?
True
Is 3989 prime?
True
Is 27663 a prime number?
False
Is 198482 a prime number?
False
Is 3571 prime?
True
Is 3623 composite?
False
Is 186869 a composite number?
False
Is 50239 composite?
True
Is 12091 a composite number?
True
Is 4333 a prime number?
False
Is 1594 composite?
True
Is 363355 a prime number?
False
Is 42061 a composite number?
False
Is 145253 a composite number?
False
Is 709827 a prime number?
False
Is 34478 a prime number?
False
Is 1003073 prime?
False
Is 2579 composite?
False
Is 4835 composite?
True
Is 506387 composite?
True
Is 65743 prime?
False
Is 64513 composite?
False
Is 221 prime?
False
Is 279023 a prime number?
True
Is 250477 a composite number?
True
Is 9299 prime?
False
Is 867247 composite?
True
Is 60289 composite?
False
Is 130283 a composite number?
True
Is 210623 composite?
True
Is 204883 composite?
True
Is 22597 prime?
False
Is 18947 composite?
False
Is 20743 a composite number?
False
Is 28437 a prime number?
False
Is 355717 a prime number?
True
Is 32117 a prime number?
True
Is 47933 prime?
True
Is 37117 a composite number?
False
Is 42095 a prime number?
False
Is 357859 a composite number?
False
Is 2897 composite?
False
Is 456023 composite?
False
Is 78437 composite?
False
Is 60719 prime?
True
Is 1349917 prime?
True
Is 11015 a prime number?
False
Is 230091 a composite number?
True
Is 1472249 a prime number?
True
Is 44351 a prime number?
True
Is 43423 prime?
False
Is 1259 a composite number?
False
Is 103 composite?
False
Is 79279 a composite number?
False
Is 2981 a prime number?
False
Is 3779 a prime number?
True
Is 5989 composite?
True
Is 30341 a prime number?
True
Is 662 a prime number?
False
Is 2357 a prime number?
True
Is